Last updated on 2022-04-24 03:52:38 CEST.
Flavor | Version | Tinstall | Tcheck | Ttotal | Status | Flags |
---|---|---|---|---|---|---|
r-devel-linux-x86_64-debian-clang | 0.1.5.4 | 75.14 | 465.06 | 540.20 | NOTE | |
r-devel-linux-x86_64-debian-gcc | 0.1.5.4 | 68.21 | 351.75 | 419.96 | NOTE | |
r-devel-linux-x86_64-fedora-clang | 0.1.5.4 | 705.57 | NOTE | |||
r-devel-linux-x86_64-fedora-gcc | 0.1.5.4 | 686.54 | NOTE | |||
r-patched-linux-x86_64 | 0.1.5.4 | 72.53 | 466.93 | 539.46 | NOTE | |
r-release-linux-x86_64 | 0.1.5.4 | 67.34 | 453.92 | 521.26 | NOTE | |
r-release-macos-arm64 | 0.1.5.4 | NOTE | ||||
r-release-macos-x86_64 | 0.1.5.4 | NOTE | ||||
r-release-windows-x86_64 | 0.1.5.4 | 76.00 | 87.00 | 163.00 | NOTE | --no-vignettes |
r-oldrel-macos-arm64 | 0.1.5.4 | NOTE | ||||
r-oldrel-macos-x86_64 | 0.1.5.4 | NOTE | ||||
r-oldrel-windows-ix86+x86_64 | 0.1.5.4 | 199.00 | 60.00 | 259.00 | NOTE | --no-vignettes |
Version: 0.1.5.4
Check: for GNU extensions in Makefiles
Result: NOTE
GNU make is a SystemRequirements.
Flavors: r-devel-linux-x86_64-debian-clang, r-devel-linux-x86_64-debian-gcc, r-devel-linux-x86_64-fedora-clang, r-devel-linux-x86_64-fedora-gcc, r-patched-linux-x86_64, r-release-linux-x86_64, r-release-macos-arm64, r-release-macos-x86_64, r-oldrel-macos-arm64, r-oldrel-macos-x86_64
Version: 0.1.5.4
Check: installed package size
Result: NOTE
installed size is 5.5Mb
sub-directories of 1Mb or more:
doc 1.1Mb
libs 3.3Mb
Flavors: r-devel-linux-x86_64-fedora-clang, r-release-macos-arm64, r-release-macos-x86_64, r-oldrel-macos-arm64, r-oldrel-macos-x86_64
Version: 0.1.5.4
Check: compiled code
Result: NOTE
File ‘skm/libs/skm.so’:
Found no calls to: ‘R_registerRoutines’, ‘R_useDynamicSymbols’
It is good practice to register native routines and to disable symbol
search.
See ‘Writing portable packages’ in the ‘Writing R Extensions’ manual.
Flavors: r-devel-linux-x86_64-fedora-clang, r-devel-linux-x86_64-fedora-gcc
Version: 0.1.5.4
Flags: --no-vignettes
Check: for GNU extensions in Makefiles
Result: NOTE
GNU make is a SystemRequirements.
Flavors: r-release-windows-x86_64, r-oldrel-windows-ix86+x86_64