Last updated on 2022-04-24 03:52:38 CEST.
Flavor | Version | Tinstall | Tcheck | Ttotal | Status | Flags |
---|---|---|---|---|---|---|
r-devel-linux-x86_64-debian-clang | 0.1.2 | 6.56 | 100.41 | 106.97 | OK | |
r-devel-linux-x86_64-debian-gcc | 0.1.2 | 4.56 | 74.92 | 79.48 | OK | |
r-devel-linux-x86_64-fedora-clang | 0.1.2 | 131.03 | OK | |||
r-devel-linux-x86_64-fedora-gcc | 0.1.2 | 115.84 | OK | |||
r-patched-linux-x86_64 | 0.1.2 | 4.66 | 96.38 | 101.04 | OK | |
r-release-linux-x86_64 | 0.1.2 | 0.72 | 11.24 | 11.96 | ERROR | |
r-release-macos-arm64 | 0.1.2 | OK | ||||
r-release-macos-x86_64 | 0.1.2 | OK | ||||
r-release-windows-x86_64 | 0.1.2 | 42.00 | 135.00 | 177.00 | OK | |
r-oldrel-macos-arm64 | 0.1.2 | OK | ||||
r-oldrel-macos-x86_64 | 0.1.2 | OK | ||||
r-oldrel-windows-ix86+x86_64 | 0.1.2 | 14.00 | 115.00 | 129.00 | OK |
Version: 0.1.2
Check: package dependencies
Result: ERROR
Package required but not available: ‘modeltime’
See section ‘The DESCRIPTION file’ in the ‘Writing R Extensions’
manual.
Flavor: r-release-linux-x86_64