Last updated on 2022-04-24 03:52:38 CEST.
Flavor | Version | Tinstall | Tcheck | Ttotal | Status | Flags |
---|---|---|---|---|---|---|
r-devel-linux-x86_64-debian-clang | 1.0.0 | 18.27 | 336.68 | 354.95 | OK | |
r-devel-linux-x86_64-debian-gcc | 1.0.0 | 14.72 | 238.01 | 252.73 | OK | |
r-devel-linux-x86_64-fedora-clang | 1.0.0 | 412.46 | NOTE | |||
r-devel-linux-x86_64-fedora-gcc | 1.0.0 | 396.78 | NOTE | |||
r-patched-linux-x86_64 | 1.0.0 | 21.84 | 313.75 | 335.59 | OK | |
r-release-linux-x86_64 | 1.0.0 | 13.79 | 306.97 | 320.76 | OK | |
r-release-macos-arm64 | 1.0.0 | NOTE | ||||
r-release-macos-x86_64 | 1.0.0 | NOTE | ||||
r-release-windows-x86_64 | 1.0.0 | 69.00 | 570.00 | 639.00 | OK | |
r-oldrel-macos-arm64 | 1.0.0 | NOTE | ||||
r-oldrel-macos-x86_64 | 1.0.0 | NOTE | ||||
r-oldrel-windows-ix86+x86_64 | 1.0.0 | 38.00 | 588.00 | 626.00 | OK |
Version: 1.0.0
Check: dependencies in R code
Result: NOTE
Namespaces in Imports field not imported from:
‘numDeriv’ ‘png’
All declared Imports should be used.
Flavors: r-devel-linux-x86_64-fedora-clang, r-devel-linux-x86_64-fedora-gcc, r-release-macos-arm64, r-release-macos-x86_64, r-oldrel-macos-arm64, r-oldrel-macos-x86_64