Last updated on 2022-04-24 03:52:38 CEST.
| Flavor | Version | Tinstall | Tcheck | Ttotal | Status | Flags | 
|---|---|---|---|---|---|---|
| r-devel-linux-x86_64-debian-clang | 0.1-50 | 7.67 | 52.24 | 59.91 | OK | |
| r-devel-linux-x86_64-debian-gcc | 0.1-50 | 4.59 | 40.06 | 44.65 | OK | |
| r-devel-linux-x86_64-fedora-clang | 0.1-50 | 72.06 | OK | |||
| r-devel-linux-x86_64-fedora-gcc | 0.1-50 | 60.73 | OK | |||
| r-patched-linux-x86_64 | 0.1-50 | 6.57 | 51.60 | 58.17 | OK | |
| r-release-linux-x86_64 | 0.1-50 | 6.31 | 49.81 | 56.12 | OK | |
| r-release-macos-arm64 | 0.1-50 | OK | ||||
| r-release-macos-x86_64 | 0.1-50 | WARN | --as-cran | |||
| r-release-windows-x86_64 | 0.1-50 | 35.00 | 74.00 | 109.00 | OK | |
| r-oldrel-macos-arm64 | 0.1-50 | OK | ||||
| r-oldrel-macos-x86_64 | 0.1-50 | WARN | --as-cran | |||
| r-oldrel-windows-ix86+x86_64 | 0.1-50 | 16.00 | 83.00 | 99.00 | OK | 
Version: 0.1-50
Flags: --as-cran
Check: CRAN incoming feasibility
Result: WARN
    Maintainer: ‘Kurt Hornik <Kurt.Hornik@R-project.org>’
    
    Insufficient package version (submitted: 0.1.50, existing: 0.1.50)
    
    Days since last update: 1
    
    Found the following (possibly) invalid URLs:
      URL: https://www-users.cs.umn.edu/~karypis/cluto/ (moved to https://www-users.cse.umn.edu/~karypis/cluto/)
        From: man/foreign.Rd
        Status: 200
        Message: OK
Flavors: r-release-macos-x86_64, r-oldrel-macos-x86_64