Last updated on 2022-04-24 03:52:38 CEST.
Flavor | Version | Tinstall | Tcheck | Ttotal | Status | Flags |
---|---|---|---|---|---|---|
r-devel-linux-x86_64-debian-clang | 1.0.0 | 68.53 | 68.84 | 137.37 | OK | |
r-devel-linux-x86_64-debian-gcc | 1.0.0 | 55.16 | 53.05 | 108.21 | OK | |
r-devel-linux-x86_64-fedora-clang | 1.0.0 | 192.61 | NOTE | |||
r-devel-linux-x86_64-fedora-gcc | 1.0.0 | 171.62 | NOTE | |||
r-patched-linux-x86_64 | 1.0.0 | 62.47 | 69.00 | 131.47 | OK | |
r-release-linux-x86_64 | 1.0.0 | 60.40 | 65.77 | 126.17 | OK | |
r-release-macos-arm64 | 1.0.0 | NOTE | ||||
r-release-macos-x86_64 | 1.0.0 | NOTE | ||||
r-release-windows-x86_64 | 1.0.0 | 64.00 | 105.00 | 169.00 | OK | |
r-oldrel-macos-arm64 | 1.0.0 | NOTE | ||||
r-oldrel-macos-x86_64 | 1.0.0 | NOTE | ||||
r-oldrel-windows-ix86+x86_64 | 1.0.0 | 224.00 | 424.00 | 648.00 | NOTE |
Version: 1.0.0
Check: dependencies in R code
Result: NOTE
Namespace in Imports field not imported from: ‘RcppArmadillo’
All declared Imports should be used.
Flavors: r-devel-linux-x86_64-fedora-clang, r-devel-linux-x86_64-fedora-gcc, r-release-macos-arm64, r-release-macos-x86_64, r-oldrel-macos-arm64, r-oldrel-macos-x86_64
Version: 1.0.0
Check: installed package size
Result: NOTE
installed size is 5.1Mb
sub-directories of 1Mb or more:
R 2.0Mb
libs 2.0Mb
Flavor: r-oldrel-windows-ix86+x86_64