Last updated on 2022-04-24 03:52:38 CEST.
Flavor | Version | Tinstall | Tcheck | Ttotal | Status | Flags |
---|---|---|---|---|---|---|
r-devel-linux-x86_64-debian-clang | 0.5.0 | 2.86 | 64.04 | 66.90 | OK | |
r-devel-linux-x86_64-debian-gcc | 0.5.0 | 2.93 | 49.67 | 52.60 | OK | |
r-devel-linux-x86_64-fedora-clang | 0.5.0 | 89.29 | OK | |||
r-devel-linux-x86_64-fedora-gcc | 0.5.0 | 70.51 | OK | |||
r-patched-linux-x86_64 | 0.5.0 | 2.70 | 62.16 | 64.86 | OK | |
r-release-linux-x86_64 | 0.5.0 | 2.22 | 66.54 | 68.76 | OK | |
r-release-macos-arm64 | 0.5.0 | OK | ||||
r-release-macos-x86_64 | 0.5.0 | WARN | ||||
r-release-windows-x86_64 | 0.5.0 | 65.00 | 111.00 | 176.00 | OK | |
r-oldrel-macos-arm64 | 0.5.0 | OK | ||||
r-oldrel-macos-x86_64 | 0.5.0 | WARN | ||||
r-oldrel-windows-ix86+x86_64 | 0.5.0 | 8.00 | 91.00 | 99.00 | OK |
Version: 0.5.0
Check: re-building of vignette outputs
Result: WARN
Error(s) in re-building vignettes:
--- re-building ‘basics.Rmd’ using rmarkdown
Warning in engine$weave(file, quiet = quiet, encoding = enc) :
Pandoc (>= 1.12.3) not available. Falling back to R Markdown v1.
Quitting from lines 29-32 (basics.Rmd)
Error: processing vignette 'basics.Rmd' failed with diagnostics:
invalid 'path' argument
--- failed re-building ‘basics.Rmd’
--- re-building ‘doms.Rmd’ using rmarkdown
Warning in engine$weave(file, quiet = quiet, encoding = enc) :
Pandoc (>= 1.12.3) not available. Falling back to R Markdown v1.
Quitting from lines 34-35 (doms.Rmd)
Error: processing vignette 'doms.Rmd' failed with diagnostics:
invalid 'path' argument
--- failed re-building ‘doms.Rmd’
--- re-building ‘iframes.Rmd’ using rmarkdown
Warning in engine$weave(file, quiet = quiet, encoding = enc) :
Pandoc (>= 1.12.3) not available. Falling back to R Markdown v1.
Quitting from lines 75-83 (iframes.Rmd)
Error: processing vignette 'iframes.Rmd' failed with diagnostics:
invalid 'path' argument
--- failed re-building ‘iframes.Rmd’
--- re-building ‘pdfs.Rmd’ using rmarkdown
Warning in engine$weave(file, quiet = quiet, encoding = enc) :
Pandoc (>= 1.12.3) not available. Falling back to R Markdown v1.
Quitting from lines 39-40 (pdfs.Rmd)
Error: processing vignette 'pdfs.Rmd' failed with diagnostics:
invalid 'path' argument
--- failed re-building ‘pdfs.Rmd’
--- re-building ‘plots.Rmd’ using rmarkdown
Warning in engine$weave(file, quiet = quiet, encoding = enc) :
Pandoc (>= 1.12.3) not available. Falling back to R Markdown v1.
--- finished re-building ‘plots.Rmd’
--- re-building ‘shiny.Rmd’ using rmarkdown
Warning in engine$weave(file, quiet = quiet, encoding = enc) :
Pandoc (>= 1.12.3) not available. Falling back to R Markdown v1.
--- finished re-building ‘shiny.Rmd’
--- re-building ‘tests_and_coverage.Rmd’ using rmarkdown
Warning in engine$weave(file, quiet = quiet, encoding = enc) :
Pandoc (>= 1.12.3) not available. Falling back to R Markdown v1.
--- finished re-building ‘tests_and_coverage.Rmd’
SUMMARY: processing the following files failed:
‘basics.Rmd’ ‘doms.Rmd’ ‘iframes.Rmd’ ‘pdfs.Rmd’
Error: Vignette re-building failed.
Execution halted
Flavors: r-release-macos-x86_64, r-oldrel-macos-x86_64