Last updated on 2022-04-24 03:52:38 CEST.
Flavor | Version | Tinstall | Tcheck | Ttotal | Status | Flags |
---|---|---|---|---|---|---|
r-devel-linux-x86_64-debian-clang | 0.3.1 | 2.03 | 61.56 | 63.59 | NOTE | |
r-devel-linux-x86_64-debian-gcc | 0.3.1 | 2.15 | 45.78 | 47.93 | NOTE | |
r-devel-linux-x86_64-fedora-clang | 0.3.1 | 78.38 | NOTE | |||
r-devel-linux-x86_64-fedora-gcc | 0.3.1 | 63.91 | NOTE | |||
r-patched-linux-x86_64 | 0.3.1 | 1.94 | 56.27 | 58.21 | NOTE | |
r-release-linux-x86_64 | 0.3.1 | 2.54 | 56.63 | 59.17 | NOTE | |
r-release-macos-arm64 | 0.3.1 | NOTE | ||||
r-release-macos-x86_64 | 0.3.1 | NOTE | ||||
r-release-windows-x86_64 | 0.3.1 | 21.00 | 86.00 | 107.00 | NOTE | |
r-oldrel-macos-arm64 | 0.3.1 | NOTE | ||||
r-oldrel-macos-x86_64 | 0.3.1 | NOTE | ||||
r-oldrel-windows-ix86+x86_64 | 0.3.1 | 6.00 | 71.00 | 77.00 | NOTE |
Version: 0.3.1
Check: LazyData
Result: NOTE
'LazyData' is specified without a 'data' directory
Flavors: r-devel-linux-x86_64-debian-clang, r-devel-linux-x86_64-debian-gcc, r-devel-linux-x86_64-fedora-clang, r-devel-linux-x86_64-fedora-gcc, r-patched-linux-x86_64, r-release-linux-x86_64, r-release-macos-arm64, r-release-macos-x86_64, r-release-windows-x86_64, r-oldrel-macos-arm64, r-oldrel-macos-x86_64, r-oldrel-windows-ix86+x86_64