Last updated on 2022-04-24 03:52:38 CEST.
Flavor | Version | Tinstall | Tcheck | Ttotal | Status | Flags |
---|---|---|---|---|---|---|
r-devel-linux-x86_64-debian-clang | 0.1.1 | 1.60 | 98.10 | 99.70 | OK | |
r-devel-linux-x86_64-debian-gcc | 0.1.1 | 1.82 | 78.09 | 79.91 | OK | |
r-devel-linux-x86_64-fedora-clang | 0.1.1 | 109.38 | NOTE | |||
r-devel-linux-x86_64-fedora-gcc | 0.1.1 | 115.11 | NOTE | |||
r-patched-linux-x86_64 | 0.1.1 | 2.25 | 97.75 | 100.00 | OK | |
r-release-linux-x86_64 | 0.1.1 | 2.18 | 97.19 | 99.37 | OK | |
r-release-macos-arm64 | 0.1.1 | NOTE | ||||
r-release-macos-x86_64 | 0.1.1 | NOTE | ||||
r-release-windows-x86_64 | 0.1.1 | 21.00 | 118.00 | 139.00 | OK | |
r-oldrel-macos-arm64 | 0.1.1 | NOTE | ||||
r-oldrel-macos-x86_64 | 0.1.1 | NOTE | ||||
r-oldrel-windows-ix86+x86_64 | 0.1.1 | 5.00 | 107.00 | 112.00 | OK |
Version: 0.1.1
Check: data for non-ASCII characters
Result: NOTE
Note: found 2 marked Latin-1 strings
Flavors: r-devel-linux-x86_64-fedora-clang, r-devel-linux-x86_64-fedora-gcc, r-release-macos-arm64, r-release-macos-x86_64, r-oldrel-macos-arm64, r-oldrel-macos-x86_64