Last updated on 2022-04-24 03:52:38 CEST.
Flavor | Version | Tinstall | Tcheck | Ttotal | Status | Flags |
---|---|---|---|---|---|---|
r-devel-linux-x86_64-debian-clang | 2.1-3 | 23.49 | 383.07 | 406.56 | OK | |
r-devel-linux-x86_64-debian-gcc | 2.1-3 | 19.81 | 276.70 | 296.51 | OK | |
r-devel-linux-x86_64-fedora-clang | 2.1-3 | 482.20 | NOTE | |||
r-devel-linux-x86_64-fedora-gcc | 2.1-3 | 466.27 | NOTE | |||
r-patched-linux-x86_64 | 2.1-3 | 32.72 | 362.72 | 395.44 | OK | |
r-release-linux-x86_64 | 2.1-3 | 20.97 | 335.31 | 356.28 | OK | |
r-release-macos-arm64 | 2.1-3 | NOTE | ||||
r-release-macos-x86_64 | 2.1-3 | NOTE | ||||
r-release-windows-x86_64 | 2.1-3 | 52.00 | 427.00 | 479.00 | OK | |
r-oldrel-macos-arm64 | 2.1-3 | NOTE | ||||
r-oldrel-macos-x86_64 | 2.1-3 | NOTE | ||||
r-oldrel-windows-ix86+x86_64 | 2.1-3 | 51.00 | 468.00 | 519.00 | OK |
Version: 2.1-3
Check: data for non-ASCII characters
Result: NOTE
Note: found 15 marked Latin-1 strings
Note: found 2 marked UTF-8 strings
Flavors: r-devel-linux-x86_64-fedora-clang, r-devel-linux-x86_64-fedora-gcc, r-release-macos-arm64, r-release-macos-x86_64, r-oldrel-macos-arm64, r-oldrel-macos-x86_64