Last updated on 2022-04-24 03:52:38 CEST.
Flavor | Version | Tinstall | Tcheck | Ttotal | Status | Flags |
---|---|---|---|---|---|---|
r-devel-linux-x86_64-debian-clang | 1.0.3 | 2.28 | 176.39 | 178.67 | NOTE | |
r-devel-linux-x86_64-debian-gcc | 1.0.3 | 1.73 | 113.71 | 115.44 | NOTE | |
r-devel-linux-x86_64-fedora-clang | 1.0.3 | 199.03 | NOTE | |||
r-devel-linux-x86_64-fedora-gcc | 1.0.3 | 185.60 | NOTE | |||
r-patched-linux-x86_64 | 1.0.3 | 1.84 | 173.82 | 175.66 | NOTE | |
r-release-linux-x86_64 | 1.0.3 | 2.22 | 162.55 | 164.77 | NOTE | |
r-release-macos-arm64 | 1.0.3 | NOTE | ||||
r-release-macos-x86_64 | 1.0.3 | NOTE | ||||
r-release-windows-x86_64 | 1.0.3 | 17.00 | 161.00 | 178.00 | NOTE | |
r-oldrel-macos-arm64 | 1.0.3 | NOTE | ||||
r-oldrel-macos-x86_64 | 1.0.3 | NOTE | ||||
r-oldrel-windows-ix86+x86_64 | 1.0.3 | 5.00 | 182.00 | 187.00 | NOTE |
Version: 1.0.3
Check: LazyData
Result: NOTE
'LazyData' is specified without a 'data' directory
Flavors: r-devel-linux-x86_64-debian-clang, r-devel-linux-x86_64-debian-gcc, r-devel-linux-x86_64-fedora-clang, r-devel-linux-x86_64-fedora-gcc, r-patched-linux-x86_64, r-release-linux-x86_64, r-release-macos-arm64, r-release-macos-x86_64, r-release-windows-x86_64, r-oldrel-macos-arm64, r-oldrel-macos-x86_64, r-oldrel-windows-ix86+x86_64