Last updated on 2022-04-24 03:52:38 CEST.
Flavor | Version | Tinstall | Tcheck | Ttotal | Status | Flags |
---|---|---|---|---|---|---|
r-devel-linux-x86_64-debian-clang | 1.6.1 | 10.96 | 150.24 | 161.20 | OK | |
r-devel-linux-x86_64-debian-gcc | 1.6.1 | 7.35 | 113.91 | 121.26 | OK | |
r-devel-linux-x86_64-fedora-clang | 1.6.1 | 205.26 | NOTE | |||
r-devel-linux-x86_64-fedora-gcc | 1.6.1 | 187.83 | OK | |||
r-patched-linux-x86_64 | 1.6.1 | 9.93 | 146.26 | 156.19 | OK | |
r-release-linux-x86_64 | 1.6.1 | 10.19 | 144.20 | 154.39 | OK | |
r-release-macos-arm64 | 1.6.1 | OK | ||||
r-release-macos-x86_64 | 1.6.1 | OK | ||||
r-release-windows-x86_64 | 1.6.1 | 28.00 | 167.00 | 195.00 | OK | |
r-oldrel-macos-arm64 | 1.6.1 | OK | ||||
r-oldrel-macos-x86_64 | 1.6.1 | OK | ||||
r-oldrel-windows-ix86+x86_64 | 1.6.1 | 20.00 | 163.00 | 183.00 | OK |
Version: 1.6.1
Check: Rd cross-references
Result: NOTE
Undeclared package ‘mice’ in Rd xrefs
Flavor: r-devel-linux-x86_64-fedora-clang