Last updated on 2022-04-24 03:52:38 CEST.
Flavor | Version | Tinstall | Tcheck | Ttotal | Status | Flags |
---|---|---|---|---|---|---|
r-devel-linux-x86_64-debian-clang | 0.1 | 2.17 | 30.94 | 33.11 | NOTE | |
r-devel-linux-x86_64-debian-gcc | 0.1 | 1.64 | 23.21 | 24.85 | NOTE | |
r-devel-linux-x86_64-fedora-clang | 0.1 | 40.75 | NOTE | |||
r-devel-linux-x86_64-fedora-gcc | 0.1 | 28.12 | NOTE | |||
r-patched-linux-x86_64 | 0.1 | 2.12 | 28.40 | 30.52 | NOTE | |
r-release-linux-x86_64 | 0.1 | 1.93 | 28.47 | 30.40 | NOTE | |
r-release-macos-arm64 | 0.1 | NOTE | ||||
r-release-macos-x86_64 | 0.1 | NOTE | ||||
r-release-windows-x86_64 | 0.1 | 9.00 | 42.00 | 51.00 | NOTE | |
r-oldrel-macos-arm64 | 0.1 | NOTE | ||||
r-oldrel-macos-x86_64 | 0.1 | NOTE | ||||
r-oldrel-windows-ix86+x86_64 | 0.1 | 4.00 | 24.00 | 28.00 | NOTE |
Version: 0.1
Check: R code for possible problems
Result: NOTE
File 'smco/R/smco.R':
.onAttach calls:
cat(paste("This is smco package", version, "\n"))
Package startup functions should use 'packageStartupMessage' to
generate messages.
See section 'Good practice' in '?.onAttach'.
smco: no visible global function definition for 'runif'
smco: no visible global function definition for 'rnorm'
smco: no visible global function definition for 'qnorm'
smco: no visible global function definition for 'pnorm'
smco: no visible global function definition for 'optim'
Undefined global functions or variables:
optim pnorm qnorm rnorm runif
Consider adding
importFrom("stats", "optim", "pnorm", "qnorm", "rnorm", "runif")
to your NAMESPACE file.
Flavors: r-devel-linux-x86_64-debian-clang, r-devel-linux-x86_64-debian-gcc, r-devel-linux-x86_64-fedora-clang, r-devel-linux-x86_64-fedora-gcc, r-patched-linux-x86_64, r-release-linux-x86_64, r-release-macos-arm64, r-release-macos-x86_64, r-release-windows-x86_64, r-oldrel-macos-arm64, r-oldrel-macos-x86_64, r-oldrel-windows-ix86+x86_64