Last updated on 2022-04-24 03:52:38 CEST.
Flavor | Version | Tinstall | Tcheck | Ttotal | Status | Flags |
---|---|---|---|---|---|---|
r-devel-linux-x86_64-debian-clang | 2.0 | 5.59 | 69.87 | 75.46 | NOTE | |
r-devel-linux-x86_64-debian-gcc | 2.0 | 5.23 | 54.12 | 59.35 | NOTE | |
r-devel-linux-x86_64-fedora-clang | 2.0 | 96.60 | NOTE | |||
r-devel-linux-x86_64-fedora-gcc | 2.0 | 83.46 | NOTE | |||
r-patched-linux-x86_64 | 2.0 | 5.41 | 67.18 | 72.59 | NOTE | |
r-release-linux-x86_64 | 2.0 | 6.87 | 64.34 | 71.21 | NOTE | |
r-release-macos-arm64 | 2.0 | NOTE | ||||
r-release-macos-x86_64 | 2.0 | NOTE | ||||
r-release-windows-x86_64 | 2.0 | 15.00 | 82.00 | 97.00 | NOTE | |
r-oldrel-macos-arm64 | 2.0 | NOTE | ||||
r-oldrel-macos-x86_64 | 2.0 | NOTE | ||||
r-oldrel-windows-ix86+x86_64 | 2.0 | 15.00 | 71.00 | 86.00 | NOTE |
Version: 2.0
Check: DESCRIPTION meta-information
Result: NOTE
Malformed Description field: should contain one or more complete sentences.
Flavors: r-devel-linux-x86_64-debian-clang, r-devel-linux-x86_64-debian-gcc, r-devel-linux-x86_64-fedora-clang, r-devel-linux-x86_64-fedora-gcc, r-patched-linux-x86_64, r-release-linux-x86_64, r-release-macos-arm64, r-release-macos-x86_64, r-release-windows-x86_64, r-oldrel-macos-arm64, r-oldrel-macos-x86_64, r-oldrel-windows-ix86+x86_64
Version: 2.0
Check: dependencies in R code
Result: NOTE
Package in Depends field not imported from: 'survival'
These packages need to be imported from (in the NAMESPACE file)
for when this namespace is loaded but not attached.
Flavors: r-devel-linux-x86_64-debian-clang, r-devel-linux-x86_64-debian-gcc, r-devel-linux-x86_64-fedora-clang, r-devel-linux-x86_64-fedora-gcc, r-patched-linux-x86_64, r-release-linux-x86_64, r-release-macos-arm64, r-release-macos-x86_64, r-release-windows-x86_64, r-oldrel-macos-arm64, r-oldrel-macos-x86_64, r-oldrel-windows-ix86+x86_64
Version: 2.0
Check: R code for possible problems
Result: NOTE
em: no visible global function definition for 'coxph'
em: no visible global function definition for 'optim'
plotpredictsmcure: no visible global function definition for 'matplot'
plotpredictsmcure: no visible global function definition for 'lines'
smcure: no visible binding for global variable 'na.omit'
smcure: no visible global function definition for 'model.frame'
smcure: no visible global function definition for 'model.extract'
smcure: no visible global function definition for 'model.matrix'
smcure: no visible global function definition for 'coxph'
smcure: no visible global function definition for 'survreg'
smcure: no visible binding for global variable 'var'
smcure: no visible global function definition for 'pnorm'
Undefined global functions or variables:
coxph lines matplot model.extract model.frame model.matrix na.omit
optim pnorm survreg var
Consider adding
importFrom("graphics", "lines", "matplot")
importFrom("stats", "model.extract", "model.frame", "model.matrix",
"na.omit", "optim", "pnorm", "var")
to your NAMESPACE file.
Flavors: r-devel-linux-x86_64-debian-clang, r-devel-linux-x86_64-debian-gcc, r-devel-linux-x86_64-fedora-clang, r-devel-linux-x86_64-fedora-gcc, r-patched-linux-x86_64, r-release-linux-x86_64, r-release-macos-arm64, r-release-macos-x86_64, r-release-windows-x86_64, r-oldrel-macos-arm64, r-oldrel-macos-x86_64, r-oldrel-windows-ix86+x86_64