Last updated on 2022-04-24 03:52:38 CEST.
Flavor | Version | Tinstall | Tcheck | Ttotal | Status | Flags |
---|---|---|---|---|---|---|
r-devel-linux-x86_64-debian-clang | 0.6.6 | 2.42 | 38.37 | 40.79 | NOTE | |
r-devel-linux-x86_64-debian-gcc | 0.6.6 | 2.12 | 29.49 | 31.61 | NOTE | |
r-devel-linux-x86_64-fedora-clang | 0.6.6 | 53.31 | NOTE | |||
r-devel-linux-x86_64-fedora-gcc | 0.6.6 | 39.18 | NOTE | |||
r-patched-linux-x86_64 | 0.6.6 | 2.02 | 36.90 | 38.92 | NOTE | |
r-release-linux-x86_64 | 0.6.6 | 2.41 | 35.70 | 38.11 | NOTE | |
r-release-macos-arm64 | 0.6.6 | NOTE | ||||
r-release-macos-x86_64 | 0.6.6 | NOTE | ||||
r-release-windows-x86_64 | 0.6.6 | 13.00 | 58.00 | 71.00 | NOTE | |
r-oldrel-macos-arm64 | 0.6.6 | NOTE | ||||
r-oldrel-macos-x86_64 | 0.6.6 | NOTE | ||||
r-oldrel-windows-ix86+x86_64 | 0.6.6 | 6.00 | 46.00 | 52.00 | NOTE |
Version: 0.6.6
Check: LazyData
Result: NOTE
'LazyData' is specified without a 'data' directory
Flavors: r-devel-linux-x86_64-debian-clang, r-devel-linux-x86_64-debian-gcc, r-devel-linux-x86_64-fedora-clang, r-devel-linux-x86_64-fedora-gcc, r-patched-linux-x86_64, r-release-linux-x86_64, r-release-macos-arm64, r-release-macos-x86_64, r-release-windows-x86_64, r-oldrel-macos-arm64, r-oldrel-macos-x86_64, r-oldrel-windows-ix86+x86_64
Version: 0.6.6
Check: dependencies in R code
Result: NOTE
Namespace in Imports field not imported from: ‘methods’
All declared Imports should be used.
Flavors: r-devel-linux-x86_64-fedora-clang, r-devel-linux-x86_64-fedora-gcc, r-release-macos-arm64, r-release-macos-x86_64, r-oldrel-macos-arm64, r-oldrel-macos-x86_64