Last updated on 2022-04-24 03:52:38 CEST.
Flavor | Version | Tinstall | Tcheck | Ttotal | Status | Flags |
---|---|---|---|---|---|---|
r-devel-linux-x86_64-debian-clang | 1.0.3 | 59.77 | 108.97 | 168.74 | OK | |
r-devel-linux-x86_64-debian-gcc | 1.0.3 | 44.25 | 77.04 | 121.29 | OK | |
r-devel-linux-x86_64-fedora-clang | 1.0.3 | 222.06 | OK | |||
r-devel-linux-x86_64-fedora-gcc | 1.0.3 | 190.48 | OK | |||
r-patched-linux-x86_64 | 1.0.3 | 45.40 | 102.32 | 147.72 | OK | |
r-release-linux-x86_64 | 1.0.3 | 47.62 | 99.36 | 146.98 | OK | |
r-release-macos-arm64 | 1.0.3 | NOTE | ||||
r-release-macos-x86_64 | 1.0.3 | NOTE | ||||
r-release-windows-x86_64 | 1.0.3 | 77.00 | 145.00 | 222.00 | OK | |
r-oldrel-macos-arm64 | 1.0.3 | NOTE | ||||
r-oldrel-macos-x86_64 | 1.0.3 | NOTE | ||||
r-oldrel-windows-ix86+x86_64 | 1.0.3 | 114.00 | 142.00 | 256.00 | OK |
Version: 1.0.3
Check: installed package size
Result: NOTE
installed size is 6.1Mb
sub-directories of 1Mb or more:
libs 5.2Mb
Flavors: r-release-macos-arm64, r-release-macos-x86_64, r-oldrel-macos-arm64, r-oldrel-macos-x86_64