Last updated on 2022-04-24 03:52:38 CEST.
Flavor | Version | Tinstall | Tcheck | Ttotal | Status | Flags |
---|---|---|---|---|---|---|
r-devel-linux-x86_64-debian-clang | 1.6.0.2 | 86.32 | 135.21 | 221.53 | NOTE | |
r-devel-linux-x86_64-debian-gcc | 1.6.0.2 | 70.64 | 98.16 | 168.80 | NOTE | |
r-devel-linux-x86_64-fedora-clang | 1.6.0.2 | 321.19 | NOTE | |||
r-devel-linux-x86_64-fedora-gcc | 1.6.0.2 | 273.97 | NOTE | |||
r-patched-linux-x86_64 | 1.6.0.2 | 66.86 | 125.66 | 192.52 | NOTE | |
r-release-linux-x86_64 | 1.6.0.2 | 55.17 | 120.50 | 175.67 | NOTE | |
r-release-macos-arm64 | 1.6.0.2 | NOTE | ||||
r-release-macos-x86_64 | 1.6.0.2 | NOTE | ||||
r-release-windows-x86_64 | 1.6.0.2 | 162.00 | 163.00 | 325.00 | NOTE | |
r-oldrel-macos-arm64 | 1.6.0.2 | NOTE | ||||
r-oldrel-macos-x86_64 | 1.6.0.2 | NOTE | ||||
r-oldrel-windows-ix86+x86_64 | 1.6.0.2 | 220.00 | 193.00 | 413.00 | NOTE |
Version: 1.6.0.2
Check: package dependencies
Result: NOTE
Package suggested but not available for checking: 'rPython'
Flavors: r-devel-linux-x86_64-debian-clang, r-devel-linux-x86_64-debian-gcc, r-devel-linux-x86_64-fedora-clang, r-devel-linux-x86_64-fedora-gcc, r-patched-linux-x86_64, r-release-linux-x86_64, r-release-macos-arm64, r-release-macos-x86_64, r-release-windows-x86_64, r-oldrel-macos-arm64, r-oldrel-macos-x86_64, r-oldrel-windows-ix86+x86_64
Version: 1.6.0.2
Check: LazyData
Result: NOTE
'LazyData' is specified without a 'data' directory
Flavors: r-devel-linux-x86_64-debian-clang, r-devel-linux-x86_64-debian-gcc, r-devel-linux-x86_64-fedora-clang, r-devel-linux-x86_64-fedora-gcc, r-patched-linux-x86_64, r-release-linux-x86_64, r-release-macos-arm64, r-release-macos-x86_64, r-release-windows-x86_64, r-oldrel-macos-arm64, r-oldrel-macos-x86_64, r-oldrel-windows-ix86+x86_64