Last updated on 2022-04-24 03:52:38 CEST.
Flavor | Version | Tinstall | Tcheck | Ttotal | Status | Flags |
---|---|---|---|---|---|---|
r-devel-linux-x86_64-debian-clang | 3.1.6 | 212.58 | 554.06 | 766.64 | OK | |
r-devel-linux-x86_64-debian-gcc | 3.1.6 | 182.58 | 411.62 | 594.20 | OK | |
r-devel-linux-x86_64-fedora-clang | 3.1.6 | 961.30 | NOTE | |||
r-devel-linux-x86_64-fedora-gcc | 3.1.6 | 948.97 | OK | |||
r-patched-linux-x86_64 | 3.1.6 | 139.52 | 510.58 | 650.10 | OK | |
r-release-linux-x86_64 | 3.1.6 | 140.59 | 522.59 | 663.18 | OK | |
r-release-macos-arm64 | 3.1.6 | NOTE | ||||
r-release-macos-x86_64 | 3.1.6 | NOTE | ||||
r-release-windows-x86_64 | 3.1.6 | 175.00 | 215.00 | 390.00 | NOTE | --no-vignettes |
r-oldrel-macos-arm64 | 3.1.6 | NOTE | ||||
r-oldrel-macos-x86_64 | 3.1.6 | NOTE | ||||
r-oldrel-windows-ix86+x86_64 | 3.1.6 | 462.00 | 259.00 | 721.00 | NOTE | --no-vignettes |
Version: 3.1.6
Check: installed package size
Result: NOTE
installed size is 13.6Mb
sub-directories of 1Mb or more:
R 1.2Mb
doc 3.4Mb
libs 8.6Mb
Flavors: r-devel-linux-x86_64-fedora-clang, r-release-macos-arm64, r-release-macos-x86_64, r-oldrel-macos-arm64, r-oldrel-macos-x86_64
Version: 3.1.6
Flags: --no-vignettes
Check: package dependencies
Result: NOTE
Package suggested but not available for checking: 'doMC'
Flavors: r-release-windows-x86_64, r-oldrel-windows-ix86+x86_64
Version: 3.1.6
Flags: --no-vignettes
Check: installed package size
Result: NOTE
installed size is 6.7Mb
sub-directories of 1Mb or more:
R 1.2Mb
doc 3.4Mb
libs 1.7Mb
Flavors: r-release-windows-x86_64, r-oldrel-windows-ix86+x86_64