Last updated on 2022-04-24 03:52:38 CEST.
Flavor | Version | Tinstall | Tcheck | Ttotal | Status | Flags |
---|---|---|---|---|---|---|
r-devel-linux-x86_64-debian-clang | 0.2.2 | 23.75 | 310.77 | 334.52 | OK | |
r-devel-linux-x86_64-debian-gcc | 0.2.2 | 20.80 | 227.18 | 247.98 | OK | |
r-devel-linux-x86_64-fedora-clang | 0.2.2 | 398.66 | NOTE | |||
r-devel-linux-x86_64-fedora-gcc | 0.2.2 | 383.59 | NOTE | |||
r-patched-linux-x86_64 | 0.2.2 | 28.83 | 293.84 | 322.67 | OK | |
r-release-linux-x86_64 | 0.2.2 | 20.90 | 272.07 | 292.97 | OK | |
r-release-macos-arm64 | 0.2.2 | NOTE | ||||
r-release-macos-x86_64 | 0.2.2 | NOTE | ||||
r-release-windows-x86_64 | 0.2.2 | 38.00 | 296.00 | 334.00 | OK | |
r-oldrel-macos-arm64 | 0.2.2 | NOTE | ||||
r-oldrel-macos-x86_64 | 0.2.2 | NOTE | ||||
r-oldrel-windows-ix86+x86_64 | 0.2.2 | 55.00 | 288.00 | 343.00 | OK |
Version: 0.2.2
Check: dependencies in R code
Result: NOTE
Namespaces in Imports field not imported from:
‘methods’ ‘rgeos’
All declared Imports should be used.
Flavors: r-devel-linux-x86_64-fedora-clang, r-devel-linux-x86_64-fedora-gcc, r-release-macos-arm64, r-release-macos-x86_64, r-oldrel-macos-arm64, r-oldrel-macos-x86_64