Last updated on 2022-04-24 03:52:38 CEST.
Flavor | Version | Tinstall | Tcheck | Ttotal | Status | Flags |
---|---|---|---|---|---|---|
r-devel-linux-x86_64-debian-clang | 0.1.0 | 2.26 | 51.50 | 53.76 | NOTE | |
r-devel-linux-x86_64-debian-gcc | 0.1.0 | 1.63 | 37.98 | 39.61 | NOTE | |
r-devel-linux-x86_64-fedora-clang | 0.1.0 | 65.09 | NOTE | |||
r-devel-linux-x86_64-fedora-gcc | 0.1.0 | 53.84 | NOTE | |||
r-patched-linux-x86_64 | 0.1.0 | 2.24 | 47.41 | 49.65 | NOTE | |
r-release-linux-x86_64 | 0.1.0 | 2.19 | 46.92 | 49.11 | NOTE | |
r-release-macos-arm64 | 0.1.0 | OK | ||||
r-release-macos-x86_64 | 0.1.0 | OK | ||||
r-release-windows-x86_64 | 0.1.0 | 10.00 | 73.00 | 83.00 | OK | |
r-oldrel-macos-arm64 | 0.1.0 | OK | ||||
r-oldrel-macos-x86_64 | 0.1.0 | OK | ||||
r-oldrel-windows-ix86+x86_64 | 0.1.0 | 6.00 | 58.00 | 64.00 | OK |
Version: 0.1.0
Check: for non-standard things in the check directory
Result: NOTE
Found the following files/directories:
'my_new_social_media_plot.png'
Flavors: r-devel-linux-x86_64-debian-clang, r-devel-linux-x86_64-debian-gcc, r-devel-linux-x86_64-fedora-clang, r-devel-linux-x86_64-fedora-gcc, r-patched-linux-x86_64, r-release-linux-x86_64