Last updated on 2022-04-24 03:52:38 CEST.
Flavor | Version | Tinstall | Tcheck | Ttotal | Status | Flags |
---|---|---|---|---|---|---|
r-devel-linux-x86_64-debian-clang | 0.1.2 | 10.67 | 103.93 | 114.60 | OK | |
r-devel-linux-x86_64-debian-gcc | 0.1.2 | 9.46 | 75.78 | 85.24 | OK | |
r-devel-linux-x86_64-fedora-clang | 0.1.2 | 137.21 | NOTE | |||
r-devel-linux-x86_64-fedora-gcc | 0.1.2 | 122.75 | OK | |||
r-patched-linux-x86_64 | 0.1.2 | 9.21 | 96.06 | 105.27 | OK | |
r-release-linux-x86_64 | 0.1.2 | 7.31 | 90.44 | 97.75 | OK | |
r-release-macos-arm64 | 0.1.2 | OK | ||||
r-release-macos-x86_64 | 0.1.2 | OK | ||||
r-release-windows-x86_64 | 0.1.2 | 19.00 | 116.00 | 135.00 | OK | |
r-oldrel-macos-arm64 | 0.1.2 | OK | ||||
r-oldrel-macos-x86_64 | 0.1.2 | OK | ||||
r-oldrel-windows-ix86+x86_64 | 0.1.2 | 27.00 | 105.00 | 132.00 | OK |
Version: 0.1.2
Check: Rd cross-references
Result: NOTE
Undeclared package ‘andrews’ in Rd xrefs
Flavor: r-devel-linux-x86_64-fedora-clang