Last updated on 2022-04-24 03:52:38 CEST.
Flavor | Version | Tinstall | Tcheck | Ttotal | Status | Flags |
---|---|---|---|---|---|---|
r-devel-linux-x86_64-debian-clang | 0.11.0 | 2.41 | 45.88 | 48.29 | OK | |
r-devel-linux-x86_64-debian-gcc | 0.11.0 | 2.32 | 35.74 | 38.06 | OK | |
r-devel-linux-x86_64-fedora-clang | 0.11.0 | 61.88 | OK | |||
r-devel-linux-x86_64-fedora-gcc | 0.11.0 | 48.06 | OK | |||
r-patched-linux-x86_64 | 0.11.0 | 2.88 | 43.69 | 46.57 | OK | |
r-release-linux-x86_64 | 0.11.0 | 1.95 | 44.80 | 46.75 | OK | |
r-release-macos-arm64 | 0.11.0 | OK | ||||
r-release-macos-x86_64 | 0.11.0 | OK | ||||
r-release-windows-x86_64 | 0.11.0 | 27.00 | 68.00 | 95.00 | WARN | |
r-oldrel-macos-arm64 | 0.11.0 | OK | ||||
r-oldrel-macos-x86_64 | 0.11.0 | OK | ||||
r-oldrel-windows-ix86+x86_64 | 0.11.0 | 6.00 | 58.00 | 64.00 | OK |
Version: 0.11.0
Check: R files for syntax errors
Result: WARN
Warnings in file 'R/replace_special_characters_internal.R':
unable to translate '<U+00C4>' to native encoding
unable to translate '<U+00D6>' to native encoding
unable to translate '<U+00DC>' to native encoding
unable to translate '<U+00E4>' to native encoding
unable to translate '<U+00F6>' to native encoding
unable to translate '<U+00FC>' to native encoding
unable to translate '<U+00DF>' to native encoding
unable to translate '<U+00C6>' to native encoding
unable to translate '<U+00E6>' to native encoding
unable to translate '<U+00D8>' to native encoding
unable to translate '<U+00F8>' to native encoding
unable to translate '<U+00C5>' to native encoding
unable to translate '<U+00E5>' to native encoding
unable to translate '<U+00C6>' to native encoding
unable to translate '<U+00E6>' to native encoding
unable to translate '<U+00D8>' to native encoding
unable to translate '<U+00F8>' to native encoding
unable to translate '<U+00C6>' to native encoding
unable to translate '<U+00E6>' to native encoding
unable to translate '<U+00D8>' to native encoding
unable to translate '<U+00F8>' to native encoding
unable to translate '<U+00C5>' to native encoding
unable to translate '<U+00E5>' to native encoding
Flavor: r-release-windows-x86_64