Last updated on 2022-04-24 03:52:38 CEST.
Flavor | Version | Tinstall | Tcheck | Ttotal | Status | Flags |
---|---|---|---|---|---|---|
r-devel-linux-x86_64-debian-clang | 0.1.2 | 2.34 | 30.89 | 33.23 | NOTE | |
r-devel-linux-x86_64-debian-gcc | 0.1.2 | 1.61 | 23.63 | 25.24 | NOTE | |
r-devel-linux-x86_64-fedora-clang | 0.1.2 | 39.86 | NOTE | |||
r-devel-linux-x86_64-fedora-gcc | 0.1.2 | 28.47 | NOTE | |||
r-patched-linux-x86_64 | 0.1.2 | 1.96 | 30.32 | 32.28 | NOTE | |
r-release-linux-x86_64 | 0.1.2 | 1.74 | 28.89 | 30.63 | NOTE | |
r-release-macos-arm64 | 0.1.2 | NOTE | ||||
r-release-macos-x86_64 | 0.1.2 | NOTE | ||||
r-release-windows-x86_64 | 0.1.2 | 10.00 | 43.00 | 53.00 | NOTE | |
r-oldrel-macos-arm64 | 0.1.2 | NOTE | ||||
r-oldrel-macos-x86_64 | 0.1.2 | NOTE | ||||
r-oldrel-windows-ix86+x86_64 | 0.1.2 | 4.00 | 25.00 | 29.00 | NOTE |
Version: 0.1.2
Check: DESCRIPTION meta-information
Result: NOTE
Malformed Description field: should contain one or more complete sentences.
Flavors: r-devel-linux-x86_64-debian-clang, r-devel-linux-x86_64-debian-gcc, r-devel-linux-x86_64-fedora-clang, r-devel-linux-x86_64-fedora-gcc, r-patched-linux-x86_64, r-release-linux-x86_64, r-release-macos-arm64, r-release-macos-x86_64, r-release-windows-x86_64, r-oldrel-macos-arm64, r-oldrel-macos-x86_64, r-oldrel-windows-ix86+x86_64