Last updated on 2022-04-24 03:52:38 CEST.
Flavor | Version | Tinstall | Tcheck | Ttotal | Status | Flags |
---|---|---|---|---|---|---|
r-devel-linux-x86_64-debian-clang | 1.0.4 | 3.90 | 59.87 | 63.77 | NOTE | |
r-devel-linux-x86_64-debian-gcc | 1.0.4 | 4.32 | 45.77 | 50.09 | NOTE | |
r-devel-linux-x86_64-fedora-clang | 1.0.4 | 80.02 | NOTE | |||
r-devel-linux-x86_64-fedora-gcc | 1.0.4 | 65.77 | NOTE | |||
r-patched-linux-x86_64 | 1.0.4 | 5.03 | 58.51 | 63.54 | NOTE | |
r-release-linux-x86_64 | 1.0.4 | 4.57 | 54.07 | 58.64 | NOTE | |
r-release-macos-arm64 | 1.0.4 | NOTE | ||||
r-release-macos-x86_64 | 1.0.4 | NOTE | ||||
r-release-windows-x86_64 | 1.0.4 | 14.00 | 81.00 | 95.00 | NOTE | |
r-oldrel-macos-arm64 | 1.0.4 | NOTE | ||||
r-oldrel-macos-x86_64 | 1.0.4 | NOTE | ||||
r-oldrel-windows-ix86+x86_64 | 1.0.4 | 13.00 | 72.00 | 85.00 | NOTE |
Version: 1.0.4
Check: LazyData
Result: NOTE
'LazyData' is specified without a 'data' directory
Flavors: r-devel-linux-x86_64-debian-clang, r-devel-linux-x86_64-debian-gcc, r-devel-linux-x86_64-fedora-clang, r-devel-linux-x86_64-fedora-gcc, r-patched-linux-x86_64, r-release-linux-x86_64, r-release-macos-arm64, r-release-macos-x86_64, r-release-windows-x86_64, r-oldrel-macos-arm64, r-oldrel-macos-x86_64, r-oldrel-windows-ix86+x86_64