Last updated on 2022-04-24 03:52:38 CEST.
Flavor | Version | Tinstall | Tcheck | Ttotal | Status | Flags |
---|---|---|---|---|---|---|
r-devel-linux-x86_64-debian-clang | 0.4-4 | 2.75 | 34.90 | 37.65 | OK | |
r-devel-linux-x86_64-debian-gcc | 0.4-4 | 1.91 | 26.72 | 28.63 | OK | |
r-devel-linux-x86_64-fedora-clang | 0.4-4 | 46.81 | OK | |||
r-devel-linux-x86_64-fedora-gcc | 0.4-4 | 34.83 | OK | |||
r-patched-linux-x86_64 | 0.4-4 | 3.11 | 32.65 | 35.76 | OK | |
r-release-linux-x86_64 | 0.4-4 | 2.39 | 32.90 | 35.29 | OK | |
r-release-macos-arm64 | 0.4-4 | NOTE | ||||
r-release-macos-x86_64 | 0.4-4 | NOTE | ||||
r-release-windows-x86_64 | 0.4-4 | 23.00 | 49.00 | 72.00 | OK | |
r-oldrel-macos-arm64 | 0.4-4 | NOTE | ||||
r-oldrel-macos-x86_64 | 0.4-4 | NOTE | ||||
r-oldrel-windows-ix86+x86_64 | 0.4-4 | 4.00 | 31.00 | 35.00 | OK |
Version: 0.4-4
Check: package dependencies
Result: NOTE
Package which this enhances but not available for checking: ‘Rmpi’
Flavors: r-release-macos-arm64, r-release-macos-x86_64, r-oldrel-macos-arm64, r-oldrel-macos-x86_64