Last updated on 2022-04-24 03:52:38 CEST.
Flavor | Version | Tinstall | Tcheck | Ttotal | Status | Flags |
---|---|---|---|---|---|---|
r-devel-linux-x86_64-debian-clang | 1.6-0 | 2.56 | 22.07 | 24.63 | OK | |
r-devel-linux-x86_64-debian-gcc | 1.6-0 | 2.21 | 19.06 | 21.27 | OK | |
r-devel-linux-x86_64-fedora-clang | 1.6-0 | 56.92 | OK | |||
r-devel-linux-x86_64-fedora-gcc | 1.6-0 | 43.90 | OK | |||
r-patched-linux-x86_64 | 1.6-0 | 2.52 | 21.55 | 24.07 | OK | |
r-release-linux-x86_64 | 1.6-0 | 2.83 | 20.80 | 23.63 | OK | |
r-release-macos-arm64 | 1.6-0 | NOTE | ||||
r-release-macos-x86_64 | 1.6-0 | NOTE | ||||
r-release-windows-x86_64 | 1.6-0 | 15.00 | 61.00 | 76.00 | OK | |
r-oldrel-macos-arm64 | 1.6-0 | NOTE | ||||
r-oldrel-macos-x86_64 | 1.6-0 | NOTE | ||||
r-oldrel-windows-ix86+x86_64 | 1.6-0 | 4.00 | 43.00 | 47.00 | OK |
Version: 1.6-0
Check: package dependencies
Result: NOTE
Package suggested but not available for checking: ‘Rmpi’
Flavors: r-release-macos-arm64, r-release-macos-x86_64, r-oldrel-macos-arm64, r-oldrel-macos-x86_64