Last updated on 2022-04-24 03:52:38 CEST.
Flavor | Version | Tinstall | Tcheck | Ttotal | Status | Flags |
---|---|---|---|---|---|---|
r-devel-linux-x86_64-debian-clang | 0.8.0 | 11.78 | 129.69 | 141.47 | OK | |
r-devel-linux-x86_64-debian-gcc | 0.8.0 | 8.92 | 95.24 | 104.16 | OK | |
r-devel-linux-x86_64-fedora-clang | 0.8.0 | 163.36 | NOTE | |||
r-devel-linux-x86_64-fedora-gcc | 0.8.0 | 150.79 | NOTE | |||
r-patched-linux-x86_64 | 0.8.0 | 19.47 | 120.63 | 140.10 | OK | |
r-release-linux-x86_64 | 0.8.0 | 10.04 | 112.34 | 122.38 | OK | |
r-release-macos-arm64 | 0.8.0 | NOTE | ||||
r-release-macos-x86_64 | 0.8.0 | NOTE | ||||
r-release-windows-x86_64 | 0.8.0 | 32.00 | 145.00 | 177.00 | OK | |
r-oldrel-macos-arm64 | 0.8.0 | NOTE | ||||
r-oldrel-macos-x86_64 | 0.8.0 | NOTE | ||||
r-oldrel-windows-ix86+x86_64 | 0.8.0 | 24.00 | 140.00 | 164.00 | OK |
Version: 0.8.0
Check: dependencies in R code
Result: NOTE
Namespaces in Imports field not imported from:
‘FactoMineR’ ‘flextable’ ‘htmlTable’ ‘stringr’
All declared Imports should be used.
Flavors: r-devel-linux-x86_64-fedora-clang, r-devel-linux-x86_64-fedora-gcc, r-release-macos-arm64, r-release-macos-x86_64, r-oldrel-macos-arm64, r-oldrel-macos-x86_64
Version: 0.8.0
Check: data for non-ASCII characters
Result: NOTE
Note: found 938 marked UTF-8 strings
Flavors: r-devel-linux-x86_64-fedora-clang, r-devel-linux-x86_64-fedora-gcc, r-release-macos-arm64, r-release-macos-x86_64, r-oldrel-macos-arm64, r-oldrel-macos-x86_64