Last updated on 2022-04-24 03:52:38 CEST.
Flavor | Version | Tinstall | Tcheck | Ttotal | Status | Flags |
---|---|---|---|---|---|---|
r-devel-linux-x86_64-debian-clang | 0.1-5 | 16.22 | 138.26 | 154.48 | OK | |
r-devel-linux-x86_64-debian-gcc | 0.1-5 | 12.29 | 99.42 | 111.71 | OK | |
r-devel-linux-x86_64-fedora-clang | 0.1-5 | 181.25 | OK | |||
r-devel-linux-x86_64-fedora-gcc | 0.1-5 | 163.60 | OK | |||
r-patched-linux-x86_64 | 0.1-5 | 20.89 | 127.05 | 147.94 | OK | |
r-release-linux-x86_64 | 0.1-5 | 9.83 | 119.67 | 129.50 | OK | |
r-release-macos-arm64 | 0.1-5 | OK | ||||
r-release-macos-x86_64 | 0.1-5 | WARN | --as-cran | |||
r-release-windows-x86_64 | 0.1-5 | 39.00 | 149.00 | 188.00 | OK | |
r-oldrel-macos-arm64 | 0.1-5 | OK | ||||
r-oldrel-macos-x86_64 | 0.1-5 | WARN | --as-cran | |||
r-oldrel-windows-ix86+x86_64 | 0.1-5 | 30.00 | 131.00 | 161.00 | OK |
Version: 0.1-5
Flags: --as-cran
Check: CRAN incoming feasibility
Result: WARN
Maintainer: ‘Andreas Papritz <andreas.papritz@env.ethz.ch>’
Insufficient package version (submitted: 0.1.5, existing: 0.1.5)
Days since last update: 1
Flavors: r-release-macos-x86_64, r-oldrel-macos-x86_64