Last updated on 2022-04-24 03:52:38 CEST.
Flavor | Version | Tinstall | Tcheck | Ttotal | Status | Flags |
---|---|---|---|---|---|---|
r-devel-linux-x86_64-debian-clang | 4.1 | 27.63 | 183.95 | 211.58 | NOTE | |
r-devel-linux-x86_64-debian-gcc | 4.1 | 20.35 | 133.12 | 153.47 | NOTE | |
r-devel-linux-x86_64-fedora-clang | 4.1 | 262.60 | NOTE | |||
r-devel-linux-x86_64-fedora-gcc | 4.1 | 251.24 | NOTE | |||
r-patched-linux-x86_64 | 4.1 | 27.66 | 177.24 | 204.90 | OK | |
r-release-linux-x86_64 | 4.1 | 22.25 | 156.44 | 178.69 | OK | |
r-release-macos-arm64 | 4.1 | OK | ||||
r-release-macos-x86_64 | 4.1 | OK | ||||
r-release-windows-x86_64 | 4.1 | 116.00 | 175.00 | 291.00 | OK | |
r-oldrel-macos-arm64 | 4.1 | OK | ||||
r-oldrel-macos-x86_64 | 4.1 | OK | ||||
r-oldrel-windows-ix86+x86_64 | 4.1 | 39.00 | 168.00 | 207.00 | OK |
Version: 4.1
Check: Rd files
Result: NOTE
checkRd: (7) file 'LLWR_App.Rd': \item in \arguments must have non-empty label
checkRd: (7) file 'LLWR_LLMPR_App.Rd': \item in \arguments must have non-empty label
checkRd: (7) file 'PredComp.Rd': \item in \arguments must have non-empty label
checkRd: (7) file 'aggreg.stability_App.Rd': \item in \arguments must have non-empty label
checkRd: (7) file 'fitsoilwater_App.Rd': \item in \arguments must have non-empty label
checkRd: (7) file 'particle.sedimentation_App.Rd': \item in \arguments must have non-empty label
checkRd: (7) file 'r_App.Rd': \item in \arguments must have non-empty label
Flavors: r-devel-linux-x86_64-debian-clang, r-devel-linux-x86_64-debian-gcc, r-devel-linux-x86_64-fedora-clang, r-devel-linux-x86_64-fedora-gcc