Last updated on 2022-04-24 03:52:38 CEST.
Flavor | Version | Tinstall | Tcheck | Ttotal | Status | Flags |
---|---|---|---|---|---|---|
r-devel-linux-x86_64-debian-clang | 1.2.0 | 9.76 | 88.12 | 97.88 | OK | |
r-devel-linux-x86_64-debian-gcc | 1.2.0 | 6.54 | 64.04 | 70.58 | OK | |
r-devel-linux-x86_64-fedora-clang | 1.2.0 | 115.62 | NOTE | |||
r-devel-linux-x86_64-fedora-gcc | 1.2.0 | 102.01 | OK | |||
r-patched-linux-x86_64 | 1.2.0 | 9.59 | 79.88 | 89.47 | OK | |
r-release-linux-x86_64 | 1.2.0 | 10.37 | 78.79 | 89.16 | OK | |
r-release-macos-arm64 | 1.2.0 | OK | ||||
r-release-macos-x86_64 | 1.2.0 | OK | ||||
r-release-windows-x86_64 | 1.2.0 | 66.00 | 146.00 | 212.00 | OK | |
r-oldrel-macos-arm64 | 1.2.0 | OK | ||||
r-oldrel-macos-x86_64 | 1.2.0 | OK | ||||
r-oldrel-windows-ix86+x86_64 | 1.2.0 | 20.00 | 114.00 | 134.00 | OK |
Version: 1.2.0
Check: Rd cross-references
Result: NOTE
Undeclared package ‘XML’ in Rd xrefs
Flavor: r-devel-linux-x86_64-fedora-clang