Last updated on 2022-04-24 03:52:38 CEST.
Flavor | Version | Tinstall | Tcheck | Ttotal | Status | Flags |
---|---|---|---|---|---|---|
r-devel-linux-x86_64-debian-clang | 4.1.6 | 81.52 | 176.79 | 258.31 | OK | --no-vignettes |
r-devel-linux-x86_64-debian-gcc | 4.1.6 | 68.55 | 130.44 | 198.99 | OK | --no-vignettes |
r-devel-linux-x86_64-fedora-clang | 4.1.6 | 339.84 | NOTE | --no-vignettes | ||
r-devel-linux-x86_64-fedora-gcc | 4.1.6 | 309.07 | OK | --no-vignettes | ||
r-patched-linux-x86_64 | 4.1.6 | 73.17 | 164.52 | 237.69 | OK | --no-vignettes |
r-release-linux-x86_64 | 4.1.6 | 75.80 | 159.76 | 235.56 | OK | --no-vignettes |
r-release-macos-arm64 | 4.1.6 | NOTE | ||||
r-release-macos-x86_64 | 4.1.6 | NOTE | ||||
r-release-windows-x86_64 | 4.1.6 | 92.00 | 189.00 | 281.00 | NOTE | --no-vignettes |
r-oldrel-macos-arm64 | 4.1.6 | NOTE | ||||
r-oldrel-macos-x86_64 | 4.1.6 | NOTE | ||||
r-oldrel-windows-ix86+x86_64 | 4.1.6 | 166.00 | 180.00 | 346.00 | NOTE | --no-vignettes |
Version: 4.1.6
Flags: --no-vignettes
Check: installed package size
Result: NOTE
installed size is 9.9Mb
sub-directories of 1Mb or more:
data 1.4Mb
doc 2.4Mb
libs 5.2Mb
Flavors: r-devel-linux-x86_64-fedora-clang, r-release-windows-x86_64, r-oldrel-windows-ix86+x86_64
Version: 4.1.6
Check: installed package size
Result: NOTE
installed size is 11.7Mb
sub-directories of 1Mb or more:
data 1.4Mb
doc 2.4Mb
libs 6.9Mb
Flavors: r-release-macos-arm64, r-release-macos-x86_64, r-oldrel-macos-arm64, r-oldrel-macos-x86_64