Last updated on 2022-04-24 03:52:38 CEST.
Flavor | Version | Tinstall | Tcheck | Ttotal | Status | Flags |
---|---|---|---|---|---|---|
r-devel-linux-x86_64-debian-clang | 0.0.4 | 9.65 | 116.05 | 125.70 | OK | |
r-devel-linux-x86_64-debian-gcc | 0.0.4 | 7.84 | 83.75 | 91.59 | OK | |
r-devel-linux-x86_64-fedora-clang | 0.0.4 | 150.25 | NOTE | |||
r-devel-linux-x86_64-fedora-gcc | 0.0.4 | 131.92 | NOTE | |||
r-patched-linux-x86_64 | 0.0.4 | 11.60 | 107.82 | 119.42 | OK | |
r-release-linux-x86_64 | 0.0.4 | 9.34 | 99.65 | 108.99 | OK | |
r-release-macos-arm64 | 0.0.4 | NOTE | ||||
r-release-macos-x86_64 | 0.0.4 | NOTE | ||||
r-release-windows-x86_64 | 0.0.4 | 171.00 | 139.00 | 310.00 | OK | |
r-oldrel-macos-arm64 | 0.0.4 | NOTE | ||||
r-oldrel-macos-x86_64 | 0.0.4 | NOTE | ||||
r-oldrel-windows-ix86+x86_64 | 0.0.4 | 23.00 | 120.00 | 143.00 | OK |
Version: 0.0.4
Check: dependencies in R code
Result: NOTE
Namespace in Imports field not imported from: ‘methods’
All declared Imports should be used.
Flavors: r-devel-linux-x86_64-fedora-clang, r-devel-linux-x86_64-fedora-gcc, r-release-macos-arm64, r-release-macos-x86_64, r-oldrel-macos-arm64, r-oldrel-macos-x86_64