Last updated on 2022-04-24 03:52:38 CEST.
Flavor | Version | Tinstall | Tcheck | Ttotal | Status | Flags |
---|---|---|---|---|---|---|
r-devel-linux-x86_64-debian-clang | 1.9.18 | 9.69 | 85.88 | 95.57 | NOTE | |
r-devel-linux-x86_64-debian-gcc | 1.9.18 | 8.42 | 62.33 | 70.75 | NOTE | |
r-devel-linux-x86_64-fedora-clang | 1.9.18 | 114.41 | NOTE | |||
r-devel-linux-x86_64-fedora-gcc | 1.9.18 | 100.78 | NOTE | |||
r-patched-linux-x86_64 | 1.9.18 | 8.54 | 83.34 | 91.88 | NOTE | |
r-release-linux-x86_64 | 1.9.18 | 9.19 | 81.99 | 91.18 | NOTE | |
r-release-macos-arm64 | 1.9.18 | NOTE | ||||
r-release-macos-x86_64 | 1.9.18 | NOTE | ||||
r-release-windows-x86_64 | 1.9.18 | 83.00 | 104.00 | 187.00 | NOTE | |
r-oldrel-macos-arm64 | 1.9.18 | NOTE | ||||
r-oldrel-macos-x86_64 | 1.9.18 | NOTE | ||||
r-oldrel-windows-ix86+x86_64 | 1.9.18 | 38.00 | 158.00 | 196.00 | NOTE |
Version: 1.9.18
Check: LazyData
Result: NOTE
'LazyData' is specified without a 'data' directory
Flavors: r-devel-linux-x86_64-debian-clang, r-devel-linux-x86_64-debian-gcc, r-devel-linux-x86_64-fedora-clang, r-devel-linux-x86_64-fedora-gcc, r-patched-linux-x86_64, r-release-linux-x86_64, r-release-macos-arm64, r-release-macos-x86_64, r-release-windows-x86_64, r-oldrel-macos-arm64, r-oldrel-macos-x86_64, r-oldrel-windows-ix86+x86_64