Last updated on 2022-04-24 03:52:38 CEST.
Flavor | Version | Tinstall | Tcheck | Ttotal | Status | Flags |
---|---|---|---|---|---|---|
r-devel-linux-x86_64-debian-clang | 0.1.1 | 1.32 | 29.78 | 31.10 | OK | |
r-devel-linux-x86_64-debian-gcc | 0.1.1 | 1.54 | 23.26 | 24.80 | OK | |
r-devel-linux-x86_64-fedora-clang | 0.1.1 | 39.49 | OK | |||
r-devel-linux-x86_64-fedora-gcc | 0.1.1 | 27.69 | OK | |||
r-patched-linux-x86_64 | 0.1.1 | 1.09 | 11.40 | 12.49 | ERROR | |
r-release-linux-x86_64 | 0.1.1 | 1.26 | 28.67 | 29.93 | OK | |
r-release-macos-arm64 | 0.1.1 | OK | ||||
r-release-macos-x86_64 | 0.1.1 | OK | ||||
r-release-windows-x86_64 | 0.1.1 | 11.00 | 45.00 | 56.00 | OK | |
r-oldrel-macos-arm64 | 0.1.1 | OK | ||||
r-oldrel-macos-x86_64 | 0.1.1 | OK | ||||
r-oldrel-windows-ix86+x86_64 | 0.1.1 | 5.00 | 36.00 | 41.00 | OK |
Version: 0.1.1
Check: whether package can be installed
Result: ERROR
Installation failed.
Flavor: r-patched-linux-x86_64