Last updated on 2022-04-24 03:52:38 CEST.
Flavor | Version | Tinstall | Tcheck | Ttotal | Status | Flags |
---|---|---|---|---|---|---|
r-devel-linux-x86_64-debian-clang | 0.9.2 | 39.93 | 43.03 | 82.96 | WARN | |
r-devel-linux-x86_64-debian-gcc | 0.9.2 | 33.68 | 33.13 | 66.81 | OK | |
r-devel-linux-x86_64-fedora-clang | 0.9.2 | 115.02 | WARN | |||
r-devel-linux-x86_64-fedora-gcc | 0.9.2 | 94.96 | OK | |||
r-patched-linux-x86_64 | 0.9.2 | 34.89 | 41.41 | 76.30 | OK | |
r-release-linux-x86_64 | 0.9.2 | 35.59 | 40.53 | 76.12 | OK | |
r-release-macos-arm64 | 0.9.2 | OK | ||||
r-release-macos-x86_64 | 0.9.2 | OK | ||||
r-release-windows-x86_64 | 0.9.2 | 44.00 | 90.00 | 134.00 | OK | |
r-oldrel-macos-arm64 | 0.9.2 | OK | ||||
r-oldrel-macos-x86_64 | 0.9.2 | OK | ||||
r-oldrel-windows-ix86+x86_64 | 0.9.2 | 89.00 | 78.00 | 167.00 | OK |
Version: 0.9.2
Check: whether package can be installed
Result: WARN
Found the following significant warnings:
sorcering.cpp:247:29: warning: use of bitwise '|' with boolean operands [-Wbitwise-instead-of-logical]
sorcering.cpp:251:34: warning: use of bitwise '|' with boolean operands [-Wbitwise-instead-of-logical]
sorcering.cpp:255:34: warning: use of bitwise '&' with boolean operands [-Wbitwise-instead-of-logical]
Flavors: r-devel-linux-x86_64-debian-clang, r-devel-linux-x86_64-fedora-clang