Last updated on 2022-04-24 03:52:38 CEST.
Flavor | Version | Tinstall | Tcheck | Ttotal | Status | Flags |
---|---|---|---|---|---|---|
r-devel-linux-x86_64-debian-clang | 0.7.26 | 7.07 | 86.00 | 93.07 | NOTE | |
r-devel-linux-x86_64-debian-gcc | 0.7.26 | 4.94 | 64.02 | 68.96 | NOTE | |
r-devel-linux-x86_64-fedora-clang | 0.7.26 | 111.87 | NOTE | |||
r-devel-linux-x86_64-fedora-gcc | 0.7.26 | 96.86 | NOTE | |||
r-patched-linux-x86_64 | 0.7.26 | 7.36 | 82.47 | 89.83 | NOTE | |
r-release-linux-x86_64 | 0.7.26 | 6.12 | 77.44 | 83.56 | NOTE | |
r-release-macos-arm64 | 0.7.26 | NOTE | ||||
r-release-macos-x86_64 | 0.7.26 | NOTE | ||||
r-release-windows-x86_64 | 0.7.26 | 15.00 | 118.00 | 133.00 | NOTE | |
r-oldrel-macos-arm64 | 0.7.26 | NOTE | ||||
r-oldrel-macos-x86_64 | 0.7.26 | NOTE | ||||
r-oldrel-windows-ix86+x86_64 | 0.7.26 | 17.00 | 110.00 | 127.00 | NOTE |
Version: 0.7.26
Check: R code for possible problems
Result: NOTE
convert_municipality_names: no visible global function definition for
'read.csv'
regression_plot: no visible binding for global variable 'loess'
regression_plot: no visible global function definition for
'colorRampPalette'
regression_plot: no visible global function definition for
'loess.control'
regression_plot: no visible global function definition for 'predict'
regression_plot : <anonymous>: no visible global function definition
for 'quantile'
regression_plot : <anonymous>: no visible global function definition
for 'pnorm'
regression_plot: no visible global function definition for
'flush.console'
regression_plot: no visible global function definition for 'density'
Undefined global functions or variables:
colorRampPalette density flush.console loess loess.control pnorm
predict quantile read.csv
Consider adding
importFrom("grDevices", "colorRampPalette")
importFrom("stats", "density", "loess", "loess.control", "pnorm",
"predict", "quantile")
importFrom("utils", "flush.console", "read.csv")
to your NAMESPACE file.
Flavors: r-devel-linux-x86_64-debian-clang, r-devel-linux-x86_64-debian-gcc, r-devel-linux-x86_64-fedora-clang, r-devel-linux-x86_64-fedora-gcc, r-patched-linux-x86_64, r-release-linux-x86_64, r-release-macos-arm64, r-release-macos-x86_64, r-release-windows-x86_64, r-oldrel-macos-arm64, r-oldrel-macos-x86_64, r-oldrel-windows-ix86+x86_64