Last updated on 2022-04-24 03:52:38 CEST.
Flavor | Version | Tinstall | Tcheck | Ttotal | Status | Flags |
---|---|---|---|---|---|---|
r-devel-linux-x86_64-debian-clang | 2.1-4 | 2.25 | 198.72 | 200.97 | OK | |
r-devel-linux-x86_64-debian-gcc | 2.1-4 | 3.03 | 151.47 | 154.50 | OK | |
r-devel-linux-x86_64-fedora-clang | 2.1-4 | 189.69 | OK | |||
r-devel-linux-x86_64-fedora-gcc | 2.1-4 | 168.84 | OK | |||
r-patched-linux-x86_64 | 2.1-4 | 3.10 | 196.54 | 199.64 | OK | |
r-release-linux-x86_64 | 2.1-4 | 3.37 | 104.24 | 107.61 | OK | |
r-release-macos-arm64 | 2.1-4 | NOTE | ||||
r-release-macos-x86_64 | 2.1-4 | NOTE | ||||
r-release-windows-x86_64 | 2.1-4 | 19.00 | 400.00 | 419.00 | OK | |
r-oldrel-macos-arm64 | 2.1-4 | NOTE | ||||
r-oldrel-macos-x86_64 | 2.1-4 | NOTE | ||||
r-oldrel-windows-ix86+x86_64 | 2.1-4 | 7.00 | 172.00 | 179.00 | OK |
Version: 2.1-4
Check: re-building of vignette outputs
Result: NOTE
Error(s) in re-building vignettes:
...
--- re-building ‘sos.Rnw’ using Sweave
Loading required package: brew
Attaching package: 'sos'
The following object is masked from 'package:utils':
?
Warning in readLines(f) :
incomplete final line found on '/Volumes/Builds/packages/big-sur-arm64/Rlib/4.1/cosso/INDEX'
Execution halted
* checking PDF version of manual ...* using check arguments '--no-clean-on-error '
Flavors: r-release-macos-arm64, r-oldrel-macos-arm64
Version: 2.1-4
Check: re-building of vignette outputs
Result: NOTE
Error(s) in re-building vignettes:
...
--- re-building ‘sos.Rnw’ using Sweave
Loading required package: brew
Attaching package: 'sos'
The following object is masked from 'package:utils':
?
Execution halted
* checking PDF version of manual ...* using check arguments '--no-clean-on-error '
Flavors: r-release-macos-x86_64, r-oldrel-macos-x86_64