Last updated on 2022-04-24 03:52:38 CEST.
Flavor | Version | Tinstall | Tcheck | Ttotal | Status | Flags |
---|---|---|---|---|---|---|
r-devel-linux-x86_64-debian-clang | 0.0.9.1 | 9.82 | 78.12 | 87.94 | OK | |
r-devel-linux-x86_64-debian-gcc | 0.0.9.1 | 6.13 | 57.86 | 63.99 | OK | |
r-devel-linux-x86_64-fedora-clang | 0.0.9.1 | 107.85 | NOTE | |||
r-devel-linux-x86_64-fedora-gcc | 0.0.9.1 | 89.69 | NOTE | |||
r-patched-linux-x86_64 | 0.0.9.1 | 7.75 | 72.74 | 80.49 | OK | |
r-release-linux-x86_64 | 0.0.9.1 | 6.12 | 70.37 | 76.49 | OK | |
r-release-macos-arm64 | 0.0.9.1 | NOTE | ||||
r-release-macos-x86_64 | 0.0.9.1 | NOTE | ||||
r-release-windows-x86_64 | 0.0.9.1 | 24.00 | 91.00 | 115.00 | OK | |
r-oldrel-macos-arm64 | 0.0.9.1 | NOTE | ||||
r-oldrel-macos-x86_64 | 0.0.9.1 | NOTE | ||||
r-oldrel-windows-ix86+x86_64 | 0.0.9.1 | 19.00 | 82.00 | 101.00 | OK |
Version: 0.0.9.1
Check: dependencies in R code
Result: NOTE
Namespaces in Imports field not imported from:
‘RSQLite’ ‘dbplyr’
All declared Imports should be used.
Flavors: r-devel-linux-x86_64-fedora-clang, r-devel-linux-x86_64-fedora-gcc, r-release-macos-arm64, r-release-macos-x86_64, r-oldrel-macos-arm64, r-oldrel-macos-x86_64