Last updated on 2022-04-24 03:52:38 CEST.
Flavor | Version | Tinstall | Tcheck | Ttotal | Status | Flags |
---|---|---|---|---|---|---|
r-devel-linux-x86_64-debian-clang | 2.5.1 | 21.16 | 405.94 | 427.10 | OK | |
r-devel-linux-x86_64-debian-gcc | 2.5.1 | 17.54 | 292.07 | 309.61 | OK | |
r-devel-linux-x86_64-fedora-clang | 2.5.1 | 522.35 | NOTE | |||
r-devel-linux-x86_64-fedora-gcc | 2.5.1 | 491.02 | OK | |||
r-patched-linux-x86_64 | 2.5.1 | 23.23 | 401.79 | 425.02 | OK | |
r-release-linux-x86_64 | 2.5.1 | 16.95 | 392.05 | 409.00 | OK | |
r-release-macos-arm64 | 2.5.1 | NOTE | ||||
r-release-macos-x86_64 | 2.5.1 | NOTE | ||||
r-release-windows-x86_64 | 2.5.1 | 188.00 | 551.00 | 739.00 | NOTE | |
r-oldrel-macos-arm64 | 2.5.1 | NOTE | ||||
r-oldrel-macos-x86_64 | 2.5.1 | NOTE | ||||
r-oldrel-windows-ix86+x86_64 | 2.5.1 | 39.00 | 513.00 | 552.00 | NOTE |
Version: 2.5.1
Check: installed package size
Result: NOTE
installed size is 7.4Mb
sub-directories of 1Mb or more:
doc 5.0Mb
Flavors: r-devel-linux-x86_64-fedora-clang, r-release-macos-arm64, r-release-macos-x86_64, r-release-windows-x86_64, r-oldrel-macos-arm64, r-oldrel-macos-x86_64, r-oldrel-windows-ix86+x86_64