Last updated on 2022-04-24 03:52:39 CEST.
Flavor | Version | Tinstall | Tcheck | Ttotal | Status | Flags |
---|---|---|---|---|---|---|
r-devel-linux-x86_64-debian-clang | 1.1 | 251.60 | 99.90 | 351.50 | OK | |
r-devel-linux-x86_64-debian-gcc | 1.1 | 197.18 | 75.74 | 272.92 | OK | |
r-devel-linux-x86_64-fedora-clang | 1.1 | 509.83 | NOTE | |||
r-devel-linux-x86_64-fedora-gcc | 1.1 | 443.45 | OK | |||
r-patched-linux-x86_64 | 1.1 | 207.44 | 94.61 | 302.05 | OK | |
r-release-linux-x86_64 | 1.1 | 210.76 | 91.64 | 302.40 | OK | |
r-release-macos-arm64 | 1.1 | NOTE | ||||
r-release-macos-x86_64 | 1.1 | NOTE | ||||
r-release-windows-x86_64 | 1.1 | 188.00 | 143.00 | 331.00 | OK | |
r-oldrel-macos-arm64 | 1.1 | NOTE | ||||
r-oldrel-macos-x86_64 | 1.1 | NOTE | ||||
r-oldrel-windows-ix86+x86_64 | 1.1 | 547.00 | 154.00 | 701.00 | NOTE |
Version: 1.1
Check: installed package size
Result: NOTE
installed size is 10.3Mb
sub-directories of 1Mb or more:
data 2.3Mb
libs 7.4Mb
Flavors: r-devel-linux-x86_64-fedora-clang, r-release-macos-arm64, r-release-macos-x86_64, r-oldrel-macos-arm64, r-oldrel-macos-x86_64, r-oldrel-windows-ix86+x86_64