Last updated on 2022-04-24 03:52:39 CEST.
Flavor | Version | Tinstall | Tcheck | Ttotal | Status | Flags |
---|---|---|---|---|---|---|
r-devel-linux-x86_64-debian-clang | 1.2 | 242.57 | 308.40 | 550.97 | OK | |
r-devel-linux-x86_64-debian-gcc | 1.2 | 201.96 | 228.15 | 430.11 | OK | |
r-devel-linux-x86_64-fedora-clang | 1.2 | 716.19 | NOTE | |||
r-devel-linux-x86_64-fedora-gcc | 1.2 | 705.53 | OK | |||
r-patched-linux-x86_64 | 1.2 | 210.24 | 260.91 | 471.15 | OK | |
r-release-linux-x86_64 | 1.2 | 211.96 | 252.96 | 464.92 | OK | |
r-release-macos-arm64 | 1.2 | NOTE | ||||
r-release-macos-x86_64 | 1.2 | NOTE | ||||
r-release-windows-x86_64 | 1.2 | 195.00 | 342.00 | 537.00 | OK | |
r-oldrel-macos-arm64 | 1.2 | NOTE | ||||
r-oldrel-macos-x86_64 | 1.2 | NOTE | ||||
r-oldrel-windows-ix86+x86_64 | 1.2 | 567.00 | 492.00 | 1059.00 | OK |
Version: 1.2
Check: installed package size
Result: NOTE
installed size is 6.8Mb
sub-directories of 1Mb or more:
libs 6.2Mb
Flavors: r-devel-linux-x86_64-fedora-clang, r-release-macos-arm64, r-release-macos-x86_64, r-oldrel-macos-arm64, r-oldrel-macos-x86_64