Last updated on 2022-04-24 03:52:39 CEST.
Flavor | Version | Tinstall | Tcheck | Ttotal | Status | Flags |
---|---|---|---|---|---|---|
r-devel-linux-x86_64-debian-clang | 0.2.2 | 103.17 | 329.80 | 432.97 | OK | |
r-devel-linux-x86_64-debian-gcc | 0.2.2 | 86.51 | 243.10 | 329.61 | OK | |
r-devel-linux-x86_64-fedora-clang | 0.2.2 | 579.12 | NOTE | |||
r-devel-linux-x86_64-fedora-gcc | 0.2.2 | 544.94 | OK | |||
r-patched-linux-x86_64 | 0.2.2 | 98.93 | 311.06 | 409.99 | OK | |
r-release-linux-x86_64 | 0.2.2 | 93.32 | 288.16 | 381.48 | OK | |
r-release-macos-arm64 | 0.2.2 | NOTE | ||||
r-release-macos-x86_64 | 0.2.2 | NOTE | ||||
r-release-windows-x86_64 | 0.2.2 | 82.00 | 337.00 | 419.00 | OK | |
r-oldrel-macos-arm64 | 0.2.2 | NOTE | ||||
r-oldrel-macos-x86_64 | 0.2.2 | NOTE | ||||
r-oldrel-windows-ix86+x86_64 | 0.2.2 | 219.00 | 426.00 | 645.00 | OK |
Version: 0.2.2
Check: installed package size
Result: NOTE
installed size is 20.8Mb
sub-directories of 1Mb or more:
libs 20.4Mb
Flavors: r-devel-linux-x86_64-fedora-clang, r-release-macos-arm64, r-release-macos-x86_64, r-oldrel-macos-arm64, r-oldrel-macos-x86_64