Last updated on 2022-04-24 03:52:39 CEST.
Flavor | Version | Tinstall | Tcheck | Ttotal | Status | Flags |
---|---|---|---|---|---|---|
r-devel-linux-x86_64-debian-clang | 0.1.7 | 20.89 | 55.15 | 76.04 | OK | |
r-devel-linux-x86_64-debian-gcc | 0.1.7 | 12.88 | 41.89 | 54.77 | OK | |
r-devel-linux-x86_64-fedora-clang | 0.1.7 | 100.92 | OK | |||
r-devel-linux-x86_64-fedora-gcc | 0.1.7 | 76.08 | OK | |||
r-patched-linux-x86_64 | 0.1.7 | 15.36 | 53.72 | 69.08 | OK | |
r-release-linux-x86_64 | 0.1.7 | 14.68 | 52.64 | 67.32 | OK | |
r-release-macos-arm64 | 0.1.7 | OK | ||||
r-release-macos-x86_64 | 0.1.7 | OK | ||||
r-release-windows-x86_64 | 0.1.7 | 32.00 | 96.00 | 128.00 | OK | |
r-oldrel-macos-arm64 | 0.1.7 | OK | ||||
r-oldrel-macos-x86_64 | 0.1.7 | OK | ||||
r-oldrel-windows-ix86+x86_64 | 0.1.7 | 42.00 | 94.00 | 136.00 | NOTE |
Version: 0.1.7
Check: installed package size
Result: NOTE
installed size is 5.4Mb
sub-directories of 1Mb or more:
data 3.0Mb
libs 2.1Mb
Flavor: r-oldrel-windows-ix86+x86_64