Last updated on 2022-04-24 03:52:39 CEST.
Flavor | Version | Tinstall | Tcheck | Ttotal | Status | Flags |
---|---|---|---|---|---|---|
r-devel-linux-x86_64-debian-clang | 3.11.14 | 198.24 | 334.13 | 532.37 | OK | |
r-devel-linux-x86_64-debian-gcc | 3.11.14 | 173.95 | 242.56 | 416.51 | OK | |
r-devel-linux-x86_64-fedora-clang | 3.11.14 | 744.17 | NOTE | |||
r-devel-linux-x86_64-fedora-gcc | 3.11.14 | 699.59 | OK | |||
r-patched-linux-x86_64 | 3.11.14 | 154.48 | 325.70 | 480.18 | OK | |
r-release-linux-x86_64 | 3.11.14 | 161.96 | 316.67 | 478.63 | OK | |
r-release-macos-arm64 | 3.11.14 | NOTE | ||||
r-release-macos-x86_64 | 3.11.14 | NOTE | ||||
r-release-windows-x86_64 | 3.11.14 | 222.00 | 365.00 | 587.00 | OK | |
r-oldrel-macos-arm64 | 3.11.14 | NOTE | ||||
r-oldrel-macos-x86_64 | 3.11.14 | NOTE | ||||
r-oldrel-windows-ix86+x86_64 | 3.11.14 | 416.00 | 422.00 | 838.00 | NOTE |
Version: 3.11.14
Check: installed package size
Result: NOTE
installed size is 35.1Mb
sub-directories of 1Mb or more:
R 2.2Mb
libs 31.7Mb
Flavors: r-devel-linux-x86_64-fedora-clang, r-release-macos-arm64, r-release-macos-x86_64, r-oldrel-macos-arm64, r-oldrel-macos-x86_64, r-oldrel-windows-ix86+x86_64