Last updated on 2022-04-24 03:52:38 CEST.
Flavor | Version | Tinstall | Tcheck | Ttotal | Status | Flags |
---|---|---|---|---|---|---|
r-devel-linux-x86_64-debian-clang | 0.3.0 | 36.50 | 39.62 | 76.12 | OK | |
r-devel-linux-x86_64-debian-gcc | 0.3.0 | 23.83 | 30.32 | 54.15 | OK | |
r-devel-linux-x86_64-fedora-clang | 0.3.0 | 100.74 | NOTE | |||
r-devel-linux-x86_64-fedora-gcc | 0.3.0 | 75.66 | OK | |||
r-patched-linux-x86_64 | 0.3.0 | 29.35 | 38.33 | 67.68 | OK | |
r-release-linux-x86_64 | 0.3.0 | 23.80 | 36.41 | 60.21 | OK | |
r-release-macos-arm64 | 0.3.0 | NOTE | ||||
r-release-macos-x86_64 | 0.3.0 | NOTE | ||||
r-release-windows-x86_64 | 0.3.0 | 63.00 | 79.00 | 142.00 | OK | |
r-oldrel-macos-arm64 | 0.3.0 | NOTE | ||||
r-oldrel-macos-x86_64 | 0.3.0 | NOTE | ||||
r-oldrel-windows-ix86+x86_64 | 0.3.0 | 75.00 | 65.00 | 140.00 | NOTE |
Version: 0.3.0
Check: installed package size
Result: NOTE
installed size is 5.2Mb
sub-directories of 1Mb or more:
include 2.1Mb
libs 2.9Mb
Flavors: r-devel-linux-x86_64-fedora-clang, r-release-macos-arm64, r-release-macos-x86_64, r-oldrel-macos-arm64, r-oldrel-macos-x86_64, r-oldrel-windows-ix86+x86_64