Last updated on 2022-04-24 03:52:38 CEST.
Flavor | Version | Tinstall | Tcheck | Ttotal | Status | Flags |
---|---|---|---|---|---|---|
r-devel-linux-x86_64-debian-clang | 1.2.1 | 9.83 | 95.32 | 105.15 | OK | |
r-devel-linux-x86_64-debian-gcc | 1.2.1 | 7.54 | 71.77 | 79.31 | OK | |
r-devel-linux-x86_64-fedora-clang | 1.2.1 | 131.82 | NOTE | |||
r-devel-linux-x86_64-fedora-gcc | 1.2.1 | 112.52 | NOTE | |||
r-patched-linux-x86_64 | 1.2.1 | 9.38 | 88.78 | 98.16 | OK | |
r-release-linux-x86_64 | 1.2.1 | 8.43 | 84.91 | 93.34 | OK | |
r-release-macos-arm64 | 1.2.1 | NOTE | ||||
r-release-macos-x86_64 | 1.2.1 | NOTE | ||||
r-release-windows-x86_64 | 1.2.1 | 28.00 | 107.00 | 135.00 | OK | |
r-oldrel-macos-arm64 | 1.2.1 | NOTE | ||||
r-oldrel-macos-x86_64 | 1.2.1 | NOTE | ||||
r-oldrel-windows-ix86+x86_64 | 1.2.1 | 21.00 | 103.00 | 124.00 | OK |
Version: 1.2.1
Check: data for non-ASCII characters
Result: NOTE
Note: found 1 marked UTF-8 string
Flavors: r-devel-linux-x86_64-fedora-clang, r-devel-linux-x86_64-fedora-gcc, r-release-macos-arm64, r-release-macos-x86_64, r-oldrel-macos-arm64, r-oldrel-macos-x86_64