Last updated on 2022-04-24 03:52:39 CEST.
Flavor | Version | Tinstall | Tcheck | Ttotal | Status | Flags |
---|---|---|---|---|---|---|
r-devel-linux-x86_64-debian-clang | 0.3-5 | 15.08 | 138.43 | 153.51 | OK | |
r-devel-linux-x86_64-debian-gcc | 0.3-5 | 12.16 | 103.56 | 115.72 | OK | |
r-devel-linux-x86_64-fedora-clang | 0.3-5 | 195.78 | OK | |||
r-devel-linux-x86_64-fedora-gcc | 0.3-5 | 175.92 | OK | |||
r-patched-linux-x86_64 | 0.3-5 | 12.09 | 129.34 | 141.43 | OK | |
r-release-linux-x86_64 | 0.3-5 | 14.40 | 125.34 | 139.74 | OK | |
r-release-macos-arm64 | 0.3-5 | ERROR | ||||
r-release-macos-x86_64 | 0.3-5 | OK | ||||
r-release-windows-x86_64 | 0.3-5 | 22.00 | 144.00 | 166.00 | OK | |
r-oldrel-macos-arm64 | 0.3-5 | ERROR | ||||
r-oldrel-macos-x86_64 | 0.3-5 | OK | ||||
r-oldrel-windows-ix86+x86_64 | 0.3-5 | 26.00 | 136.00 | 162.00 | OK |
Version: 0.3-5
Check: whether package can be installed
Result: ERROR
Installation failed.
Flavors: r-release-macos-arm64, r-oldrel-macos-arm64