Last updated on 2022-04-24 03:52:39 CEST.
Flavor | Version | Tinstall | Tcheck | Ttotal | Status | Flags |
---|---|---|---|---|---|---|
r-devel-linux-x86_64-debian-clang | 0.2.2 | 166.29 | 176.43 | 342.72 | OK | |
r-devel-linux-x86_64-debian-gcc | 0.2.2 | 135.93 | 141.34 | 277.27 | OK | |
r-devel-linux-x86_64-fedora-clang | 0.2.2 | 450.79 | NOTE | |||
r-devel-linux-x86_64-fedora-gcc | 0.2.2 | 405.06 | OK | |||
r-patched-linux-x86_64 | 0.2.2 | 140.90 | 163.68 | 304.58 | OK | |
r-release-linux-x86_64 | 0.2.2 | 138.49 | 160.01 | 298.50 | OK | |
r-release-macos-arm64 | 0.2.2 | NOTE | ||||
r-release-macos-x86_64 | 0.2.2 | NOTE | ||||
r-release-windows-x86_64 | 0.2.2 | 118.00 | 153.00 | 271.00 | OK | |
r-oldrel-macos-arm64 | 0.2.2 | NOTE | ||||
r-oldrel-macos-x86_64 | 0.2.2 | NOTE | ||||
r-oldrel-windows-ix86+x86_64 | 0.2.2 | 372.00 | 167.00 | 539.00 | OK |
Version: 0.2.2
Check: installed package size
Result: NOTE
installed size is 7.5Mb
sub-directories of 1Mb or more:
libs 7.3Mb
Flavors: r-devel-linux-x86_64-fedora-clang, r-release-macos-arm64, r-release-macos-x86_64, r-oldrel-macos-arm64, r-oldrel-macos-x86_64