Last updated on 2022-04-24 03:52:39 CEST.
Flavor | Version | Tinstall | Tcheck | Ttotal | Status | Flags |
---|---|---|---|---|---|---|
r-devel-linux-x86_64-debian-clang | 0.1 | 1.79 | 32.69 | 34.48 | NOTE | |
r-devel-linux-x86_64-debian-gcc | 0.1 | 1.87 | 24.60 | 26.47 | NOTE | |
r-devel-linux-x86_64-fedora-clang | 0.1 | 42.69 | NOTE | |||
r-devel-linux-x86_64-fedora-gcc | 0.1 | 30.15 | NOTE | |||
r-patched-linux-x86_64 | 0.1 | 2.26 | 31.19 | 33.45 | NOTE | |
r-release-linux-x86_64 | 0.1 | 1.84 | 30.81 | 32.65 | NOTE | |
r-release-macos-arm64 | 0.1 | NOTE | ||||
r-release-macos-x86_64 | 0.1 | NOTE | ||||
r-release-windows-x86_64 | 0.1 | 13.00 | 46.00 | 59.00 | NOTE | |
r-oldrel-macos-arm64 | 0.1 | NOTE | ||||
r-oldrel-macos-x86_64 | 0.1 | NOTE | ||||
r-oldrel-windows-ix86+x86_64 | 0.1 | 5.00 | 29.00 | 34.00 | NOTE |
Version: 0.1
Check: R code for possible problems
Result: NOTE
hausman: no visible global function definition for 'pchisq'
span.formula: no visible global function definition for 'model.frame'
span.formula: no visible global function definition for 'model.matrix'
span.formula: no visible global function definition for
'model.response'
spbe: no visible global function definition for 'cor'
spbe: no visible global function definition for 'pt'
spfe: no visible global function definition for 'cor'
spfe: no visible global function definition for 'pt'
sprandom: no visible global function definition for 'cor'
sprandom: no visible global function definition for 'pt'
summary.span: no visible global function definition for 'printCoefmat'
Undefined global functions or variables:
cor model.frame model.matrix model.response pchisq printCoefmat pt
Consider adding
importFrom("stats", "cor", "model.frame", "model.matrix",
"model.response", "pchisq", "printCoefmat", "pt")
to your NAMESPACE file.
Flavors: r-devel-linux-x86_64-debian-clang, r-devel-linux-x86_64-debian-gcc, r-devel-linux-x86_64-fedora-clang, r-devel-linux-x86_64-fedora-gcc, r-patched-linux-x86_64, r-release-linux-x86_64, r-release-macos-arm64, r-release-macos-x86_64, r-release-windows-x86_64, r-oldrel-macos-arm64, r-oldrel-macos-x86_64, r-oldrel-windows-ix86+x86_64