Last updated on 2022-04-24 03:52:39 CEST.
Flavor | Version | Tinstall | Tcheck | Ttotal | Status | Flags |
---|---|---|---|---|---|---|
r-devel-linux-x86_64-debian-clang | 1.7.5 | 37.57 | 195.96 | 233.53 | OK | |
r-devel-linux-x86_64-debian-gcc | 1.7.5 | 27.80 | 144.53 | 172.33 | OK | |
r-devel-linux-x86_64-fedora-clang | 1.7.5 | 279.09 | NOTE | |||
r-devel-linux-x86_64-fedora-gcc | 1.7.5 | 270.70 | NOTE | |||
r-patched-linux-x86_64 | 1.7.5 | 35.99 | 183.62 | 219.61 | OK | |
r-release-linux-x86_64 | 1.7.5 | 33.01 | 179.73 | 212.74 | OK | |
r-release-macos-arm64 | 1.7.5 | NOTE | ||||
r-release-macos-x86_64 | 1.7.5 | NOTE | ||||
r-release-windows-x86_64 | 1.7.5 | 476.00 | 215.00 | 691.00 | NOTE | |
r-oldrel-macos-arm64 | 1.7.5 | NOTE | ||||
r-oldrel-macos-x86_64 | 1.7.5 | NOTE | ||||
r-oldrel-windows-ix86+x86_64 | 1.7.5 | 59.00 | 204.00 | 263.00 | NOTE |
Version: 1.7.5
Check: package dependencies
Result: NOTE
Imports includes 31 non-default packages.
Importing from so many packages makes the package vulnerable to any of
them becoming unavailable. Move as many as possible to Suggests and
use conditionally.
Flavor: r-devel-linux-x86_64-fedora-clang
Version: 1.7.5
Check: installed package size
Result: NOTE
installed size is 6.3Mb
sub-directories of 1Mb or more:
R 1.6Mb
java 3.4Mb
Flavors: r-devel-linux-x86_64-fedora-clang, r-release-macos-arm64, r-release-macos-x86_64, r-release-windows-x86_64, r-oldrel-macos-arm64, r-oldrel-macos-x86_64, r-oldrel-windows-ix86+x86_64
Version: 1.7.5
Check: dependencies in R code
Result: NOTE
Namespace in Imports field not imported from: ‘lifecycle’
All declared Imports should be used.
Flavors: r-devel-linux-x86_64-fedora-clang, r-devel-linux-x86_64-fedora-gcc, r-release-macos-arm64, r-release-macos-x86_64, r-oldrel-macos-arm64, r-oldrel-macos-x86_64