Last updated on 2022-04-24 03:52:39 CEST.
Flavor | Version | Tinstall | Tcheck | Ttotal | Status | Flags |
---|---|---|---|---|---|---|
r-devel-linux-x86_64-debian-clang | 0.0.3 | 8.20 | 77.21 | 85.41 | NOTE | |
r-devel-linux-x86_64-debian-gcc | 0.0.3 | 5.38 | 57.40 | 62.78 | NOTE | |
r-devel-linux-x86_64-fedora-clang | 0.0.3 | 103.97 | NOTE | |||
r-devel-linux-x86_64-fedora-gcc | 0.0.3 | 90.25 | NOTE | |||
r-patched-linux-x86_64 | 0.0.3 | 7.49 | 71.29 | 78.78 | NOTE | |
r-release-linux-x86_64 | 0.0.3 | 6.12 | 67.92 | 74.04 | NOTE | |
r-release-macos-arm64 | 0.0.3 | NOTE | ||||
r-release-macos-x86_64 | 0.0.3 | NOTE | ||||
r-release-windows-x86_64 | 0.0.3 | 44.00 | 90.00 | 134.00 | NOTE | |
r-oldrel-macos-arm64 | 0.0.3 | NOTE | ||||
r-oldrel-macos-x86_64 | 0.0.3 | NOTE | ||||
r-oldrel-windows-ix86+x86_64 | 0.0.3 | 18.00 | 85.00 | 103.00 | NOTE |
Version: 0.0.3
Check: LazyData
Result: NOTE
'LazyData' is specified without a 'data' directory
Flavors: r-devel-linux-x86_64-debian-clang, r-devel-linux-x86_64-debian-gcc, r-devel-linux-x86_64-fedora-clang, r-devel-linux-x86_64-fedora-gcc, r-patched-linux-x86_64, r-release-linux-x86_64, r-release-macos-arm64, r-release-macos-x86_64, r-release-windows-x86_64, r-oldrel-macos-arm64, r-oldrel-macos-x86_64, r-oldrel-windows-ix86+x86_64